by 24?
23
Calculate the remainder when 172999 is divided by 57544.
367
Calculate the remainder when 7278549 is divided by 7278520.
29
Calculate the remainder when 1956142 is divided by 243.
235
Calculate the remainder when 60534 is divided by 60385.
149
Calculate the remainder when 7041221 is divided by 1323.
215
What is the remainder when 6764229 is divided by 3382032?
165
What is the remainder when 5233149 is divided by 1744379?
12
Calculate the remainder when 25533033 is divided by 541.
538
Calculate the remainder when 214905 is divided by 103.
47
Calculate the remainder when 134946067 is divided by 14.
11
What is the remainder when 50758 is divided by 1520?
598
What is the remainder when 1418707 is divided by 40534?
17
What is the remainder when 7881474 is divided by 7881103?
371
What is the remainder when 3242408 is divided by 27?
5
Calculate the remainder when 1646166 is divided by 198.
192
Calculate the remainder when 21409891 is divided by 50495.
11
Calculate the remainder when 28578561 is divided by 252.
249
What is the remainder when 1731022 is divided by 2783?
2779
What is the remainder when 21190603 is divided by 94?
89
What is the remainder when 28382368 is divided by 17191?
27
Calculate the remainder when 5989481 is divided by 35.
1
What is the remainder when 20727405 is divided by 1884307?
28
What is the remainder when 169671 is divided by 3111?
1677
Calculate the remainder when 468652 is divided by 552.
4
What is the remainder when 30489845 is divided by 27921?
113
Calculate the remainder when 20877 is divided by 16759.
4118
Calculate the remainder when 805100 is divided by 194.
0
What is the remainder when 39853 is divided by 13272?
37
Calculate the remainder when 448565 is divided by 1476.
1337
Calculate the remainder when 2115625 is divided by 12527.
11089
Calculate the remainder when 10323191 is divided by 21.
11
What is the remainder when 179902 is divided by 10579?
59
Calculate the remainder when 1593384 is divided by 3915.
3894
What is the remainder when 15956138 is divided by 759816?
2
What is the remainder when 830092 is divided by 122?
4
Calculate the remainder when 227467 is divided by 414.
181
Calculate the remainder when 4492094 is divided by 2054.
2050
What is the remainder when 3491691 is divided by 8434?
15
What is the remainder when 558545 is divided by 2463?
1907
Calculate the remainder when 9785241 is divided by 3.
0
Calculate the remainder when 4185759 is divided by 71.
25
Calculate the remainder when 631241 is divided by 92.
29
What is the remainder when 75073465 is divided by 4327?
15
Calculate the remainder when 40810 is divided by 448.
42
Calculate the remainder when 34302011 is divided by 87.
86
What is the remainder when 71793 is divided by 8902?
577
What is the remainder when 8041123 is divided by 8041123?
0
What is the remainder when 657384 is divided by 87?
12
Calculate the remainder when 381884 is divided by 95440.
124
Calculate the remainder when 559293 is divided by 52.
33
What is the remainder when 43291 is divided by 268?
143
Calculate the remainder when 852338 is divided by 438.
428
Calculate the remainder when 19795 is divided by 19724.
71
What is the remainder when 26684122 is divided by 1168?
1162
Calculate the remainder when 131662 is divided by 102.
82
Calculate the remainder when 190577 is divided by 47637.
29
What is the remainder when 40587551 is divided by 21?
11
Calculate the remainder when 39583140 is divided by 5594.
5590
What is the remainder when 13831548 is divided by 2305249?
54
What is the remainder when 278853 is divided by 2461?
760
What is the remainder when 1856919 is divided by 4173?
4107
Calculate the remainder when 12206916 is divided by 3051729.
0
What is the remainder when 14670579 is divided by 447?
39
What is the remainder when 14055282 is divided by 11?
10
Calculate the remainder when 797153 is divided by 797150.
3
Calculate the remainder when 3333430 is divided by 223.
26
Calculate the remainder when 86261 is divided by 12255.
476
Calculate the remainder when 9953957 is divided by 735.
587
Calculate the remainder when 1874511 is divided by 1508.
67
What is the remainder when 61568763 is divided by 135614?
7
What is the remainder when 253470 is divided by 250049?
3421
Calculate the remainder when 924913 is divided by 84066.
187
Calculate the remainder when 66957 is divided by 33106.
745
What is the remainder when 2201651 is divided by 48?
35
What is the remainder when 4628167 is divided by 189?
124
What is the remainder when 1688233 is divided by 1356?
13
What is the remainder when 45691 is divided by 3319?
2544
Calculate the remainder when 169176 is divided by 368.
264
What is the remainder when 27047 is divided by 13494?
59
Calculate the remainder when 21118 is divided by 393.
289
What is the remainder when 109688755 is divided by 127?
125
Calculate the remainder when 3007927 is divided by 88466.
83
What is the remainder when 2842333494 is divided by 3953?
3951
What is the remainder when 2368448 is divided by 75?
23
What is the remainder when 591118 is divided by 147748?
126
Calculate the remainder when 150580 is divided by 3269.
206
Calculate the remainder when 39134 is divided by 81.
11
What is the remainder when 25667 is divided by 174?
89
What is the remainder when 190322 is divided by 20849?
2681
Calculate the remainder when 1071249 is divided by 12456.
33
What is the remainder when 2791624 is divided by 1226?
22
Calculate the remainder when 23081907 is divided by 1210.
1157
Calculate the remainder when 233413339 is divided by 1667.
1666
What is the remainder when 550185 is divided by 372?
369
What is the remainder when 23551249 is divided by 250?
249
What is the remainder when 48918 is divided by 1881?
12
Calculate the remainder when 16582774 is divided by 1652.
1650
What is the remainder when 14608 is divided by 847?
209
What is the remainder when 52441707 is divided by 38?
35
What is the remainder when 6079506 is divided by 1930?
6
What is the remainder when 197043 is divided by 8117?
2235
Calculate the remainder when 390042 is divided by 1230.
132
What is the remainder when 137171 is divided by 68194?
783
What is the remainder when 8485261 is divided by 871?
850
What is the remainder when 402405 is divided by 2002?
3
What is the remainder when 790961 is divided by 87883?
14
Calculate the remainder when 30703681 is divided by 90.
1
Calculate the remainder when 675049 is divided by 225012.
13
Calculate the remainder when 175155 is divided by 619.
597
What is the remainder when 62214 is divided by 62173?
41
What is the remainder when 74778941 is divided by 1733?
1724
Calculate the remainder when 49179338 is divided by 9835856.
58
Calculate the remainder when 3228269 is divided by 3648.
3437
Calculate the remainder when 314420 is divided by 560.
260
Calculate the remainder when 29541339 is divided by 569.
566
What is the remainder when 798191 is divided by 8771?
30
Calculate the remainder when 1095809 is divided by 21485.
74
What is the remainder when 194375 is divided by 4633?
4422
Calculate the remainder when 1175910 is divided by 43552.
6
What is the remainder when 190970 is divided by 217?
10
Calculate the remainder when 365745 is divided by 676.
29
What is the remainder when 98012 is divided by 66?
2
Calculate the remainder when 3854386 is divided by 91.
81
What is the remainder when 2383806 is divided by 8135?
251
Calculate the remainder when 4909602 is divided by 18388.
6
Calculate the remainder when 6742692 is divided by 3902.
36
What is the remainder when 324200505 is divided by 12?
9
What is the remainder when 1977556 is divided by 468?
256
What is the remainder when 5489833 is divided by 26910?
193
What is the remainder when 126828 is divided by 110?
108
Calculate the remainder when 113926 is divided by 59.
56
Calculate the remainder when 2029096 is divided by 1536.
40
Calculate the remainder when 98840 is divided by 3494.
1008
Calculate the remainder when 34934 is divided by 3067.
1197
What is the remainder when 2037914 is divided by 1023?
98
Calculate the remainder when 70072 is divided by 70019.
53
Calculate the remainder when 10612816 is divided by 74738.
20
What is the remainder when 425300 is divided by 425280?
20
What is the remainder 